tors of i.
2, 3
Let j be (-2)/(-8) - 705/(-12). Suppose -2*b = 3*f - j, -f + 4*b + 91 = 4*f. List the prime factors of f.
19
Suppose 3*g - 11 = -5*o, -4*g + 7 = 4*o - 5. Suppose 7*i - 195 = g*i. List the prime factors of i.
3, 13
Suppose -l + 137 = 4*m, l + 0*l = 3*m + 130. List the prime factors of l.
7, 19
Let l = 2 + 2. Suppose -u + 0*h + 5 = 5*h, l*u = 2*h + 64. List the prime factors of u.
3, 5
Let j(s) = -s**3 + 13*s**2 - 10*s + 14. List the prime factors of j(11).
2, 73
Let k = 1 + 1. Suppose -v + 1 = 0, k*x - 5 = -5*v + 14. What are the prime factors of x?
7
Let v = 9 + 8. List the prime factors of v.
17
Suppose 2*h + 5*r = -40 + 198, -4*h + 280 = r. Let c = -43 + h. List the prime factors of c.
2, 13
List the prime factors of 2/(-9) + (-1210)/(-99).
2, 3
Suppose 4*p = -3*s + s, 3*s = p. Suppose p = 2*v + 4*t - 2 + 26, -5*v - 35 = 5*t. List the prime factors of (2/(-1))/(v/4).
2
Let v = 37 + -29. What are the prime factors of v?
2
Let r(z) be the first derivative of -2*z**2 - 4*z - 3. List the prime factors of r(-4).
2, 3
Let q(r) = r**2 - 2*r + 6. Suppose 0 + 9 = -3*j, 0 = -3*b - 2*j + 6. List the prime factors of q(b).
2, 7
What are the prime factors of (-564)/(-14) + 8/(-28)?
2, 5
Let r(v) = v**3 - 6*v**2 + 6*v - 1. Let a be r(5). Let p = -11 + a. Let n = 12 + p. List the prime factors of n.
5
Suppose -4*m = -3*z - 5, 3*z - 5*z = 2*m + 8. Let d be (m - 0)*7*-1. What are the prime factors of 58/d + (-4)/14?
2
Let g(u) = -u**2 + 13*u - 13. Let a be 9 + (5 - (-9)/(-3)). List the prime factors of g(a).
3
What are the prime factors of 1/((-2)/10) + 124?
7, 17
Suppose 12 = -4*k + 32. Let m(f) = f**3 - 6*f**2 + 5*f + 5. Let h be m(k). Suppose -h*z = -z - 28. What are the prime factors of z?
7
Let h(k) = k + 9. List the prime factors of h(4).
13
Let q(p) = p**3 + 4*p**2 + 4*p + 2. Suppose -4*m = 4, -a + 5*m + 4 = 1. Let n be q(a). List the prime factors of n*-1 - (-60)/6.
2
Let u(g) = 5*g**3 + 3*g**2 + 1. Let j be u(3). Let o be (-12)/20 + j/5. Suppose 5*s - 2*r = o, -22 = -3*s - 4*r + 18. List the prime factors of s.
2
Suppose -k = -6 + 2. Suppose 2*m - k = 0, -4*y + 90 = 4*m + m. What are the prime factors of y?
2, 5
Suppose -14 = -4*v + 2. Suppose 0 = -v*r + 110 + 10. List the prime factors of r.
2, 3, 5
Let b be -4*(0 + (-13)/(-4)). Let t = b + 25. List the prime factors of t.
2, 3
Let g(p) = 20*p**3 + 41*p**2 + 21*p - 24. Let f(m) = 7*m**3 + 14*m**2 + 7*m - 8. Let b(u) = -17*f(u) + 6*g(u). What are the prime factors of b(-6)?
2, 11
Suppose -6*s = -23 - 61. List the prime factors of s.
2, 7
Let y(t) = -15*t - 20. Let i(b) = 5*b + 7. Let s(v) = -10*i(v) - 3*y(v). List the prime factors of s(-7).
5
Let j = 115 + -267. Let b be j/(-6) - 3/9. Suppose b = 5*u, 14 = 5*n - 3*u - 11. List the prime factors of n.
2
Suppose -31*l = -30*l - 62. List the prime factors of l.
2, 31
Suppose 2*s - 368 = y - 3*y, 544 = 3*y - s. List the prime factors of y.
2, 7, 13
Let m(n) = -4*n - 2. Let g be m(-3). Let c be (-10)/6 - g/(-15). What are the prime factors of 11*1/1 - c?
2, 3
Let g(m) be the third derivative of m**4/6 - 2*m**3 - 2*m**2. What are the prime factors of g(11)?
2
Suppose -5*h = -p - 165, 2*p + 0*p + 132 = 4*h. List the prime factors of h.
3, 11
Let d(z) = -z**2 + 10*z - 4. List the prime factors of d(9).
5
Let l be 301/14 - (-1)/(-2). Suppose 0 = -d + 2*d - l. List the prime factors of d.
3, 7
What are the prime factors of 2/11 + 256/44?
2, 3
Suppose -5*s = -b - b + 11, -5*s - 5 = 0. Suppose -4*r + 35 = 2*j + j, -2*r - 5 = -b*j. What are the prime factors of r?
5
Let t be 0/(-1) + 3 - 9. Let d be (-9)/(-3) - t/(-2). Suppose d = -5*u + 7*u - 38. List the prime factors of u.
19
Let i be -2*2/(-8)*6. Suppose -4*f = -m - i*m + 96, 3*m - 56 = -f. Suppose -m = -3*r - 5, 0 = -4*z + r + 3. List the prime factors of z.
2
Let s = 42 - 22. Suppose 5*x = 5*o + s, -x = -4*o - 11 + 1. List the prime factors of x/7 + (-496)/(-28).
2, 3
Let i(p) = 2*p**2 + 16*p - 1. Let l(b) = -3*b**2 - 24*b + 2. Let v(h) = -8*i(h) - 5*l(h). What are the prime factors of v(-7)?
5
Let d(f) = -15*f**3 + f**2 + f. Let a be d(-1). Let p = a - 8. What are the prime factors of p?
7
Let c(i) = 16*i - 7. List the prime factors of c(2).
5
Let b = 38 + 37. What are the prime factors of b?
3, 5
Suppose 8*q - 1433 = -345. List the prime factors of q.
2, 17
Suppose t = 5*a - 96, 2*t - a + 228 = -3*a. Let g = 30 + -20. List the prime factors of t/(-5) - 2/g.
2, 11
What are the prime factors of ((-22)/(-3))/(1*(-6)/(-171))?
11, 19
Suppose 7*q = q + 138. List the prime factors of q.
23
Let k = -3 - 17. List the prime factors of 3/(-1) - (3 + k).
2, 7
Suppose -m - 509 = -4*m + c, 3*m = -c + 505. What are the prime factors of m?
13
Let f(g) be the second derivative of -g**4/12 + 13*g**3/6 - 9*g**2/2 + 2*g. What are the prime factors of f(11)?
13
Let j(f) = f**2 + 4*f + 4. Let q be j(-4). Let v be (q + -1)*(-2)/(-3). Suppose -5*i = -m - 19 + 5, 0 = 5*i - v*m - 13. List the prime factors of i.
3
What are the prime factors of (-59 - -1)*25/(-5)?
2, 5, 29
Let l = 75 + -54. Let m = -8 + l. Suppose v = -3 + m. List the prime factors of v.
2, 5
Let s(b) = b**2 - b + 2. Let d be s(2). Suppose -d*a - 3*c = -22, -8*a = -6*a + 2*c - 12. List the prime factors of 41/a + (-9)/(-12).
11
Let x(d) = -d - 1. Let h be x(-6). Let o(t) = t**2 - 16*t + 30. Let g be o(14). Suppose -g*p + 5*k + 31 = 0, h*p + k = 3 + 61. List the prime factors of p.
13
Let o be (0/1 + 2)*1. List the prime factors of (6 - o)/(1/2).
2
Let b = 2 + 8. What are the prime factors of b?
2, 5
Suppose -5*t + 332 = -488. Suppose -t = 5*n - 409. What are the prime factors of n?
7
List the prime factors of (1/1)/(12/852).
71
Let b be (1 + -1)/((-14)/7). Suppose f + 2 + 1 = b. Let l = 5 + f. List the prime factors of l.
2
Let j = -115 - -148. What are the prime factors of j?
3, 11
Suppose -817 = -5*v - 2*s, 0*s + s = -2*v + 327. List the prime factors of v.
163
Let v(w) = 3*w**2 - 7*w - 8. What are the prime factors of v(-6)?
2, 71
Let f(w) = -3*w**3 - w**2. Let k be f(-1). Suppose -4*b = 5*y - 1, -b - k*y = -0*y + 2. Suppose 5 + 15 = b*o. List the prime factors of o.
5
Suppose 4*a = 4*s - 0*a + 4, 5*a = 4*s + 6. Let f be s*-1 - (5 + 0). Let x(o) = -o**2 - 9*o - 9. What are the prime factors of x(f)?
3
What are the prime factors of (20 - 1*-2)/((-12)/(-54))?
3, 11
Let x = -11 - -11. Suppose 2*d + 3*d - 90 = x. What are the prime factors of d?
2, 3
Let d = 127 + 61. What are the prime factors of d?
2, 47
Let s(h) = -2*h + 1. Suppose 1 = -z + 3. Let b be (0 - 1) + z + -2. List the prime factors of s(b).
3
Let q(n) = -n**2 - 14*n - 7. What are the prime factors of q(-10)?
3, 11
Let j = -283 + 490. List the prime factors of j.
3, 23
Let h = -13 - 2. Let b = -1 - h. What are the prime factors of b?
2, 7
What are the prime factors of (-4)/14 + (-1082)/(-14)?
7, 11
Suppose 2*y + 3*y = -260. Let a be ((-9)/(-6))/((-3)/y). Suppose a = 4*o - 3*k - 18, -2*o - 5*k = -22. List the prime factors of o.
11
What are the prime factors of 1396/52 + 8/52?
3
Let y(c) = c**3 + 5*c**2 + 2*c. Let b be y(-3). Let k = b - -1. List the prime factors of k.
13
Let d(k) = -4*k - 19. Let m(h) = -h - 1. Let r(w) = d(w) - m(w). List the prime factors of r(-13).
3, 7
Suppose p + 4 = -6. Let b = p + 33. What are the prime factors of b?
23
Let n be -1*(1*-4 - -1). Let d be n/(-6) + (-21)/(-6). Suppose 4*i + j = 47, -24 = -d*i + j - 4*j. What are the prime factors of i?
13
Let s = 73 + -48. Suppose 3*m - s = 2. List the prime factors of m.
3
Let u be (3/(-2))/((-11)/44). Let b = u + 0. What are the prime factors of b?
2, 3
Suppose n - 10 = 15. List the prime factors of n.
5
Let y = 11 + -6. Suppose 10 = 3*f + 4*d, -2*d = -y*f - 0*d - 18. What are the prime factors of (-45)/(-10)*f/(-3)?
3
Suppose 5*m + 1 = 2*b, 0 = -3*b + 2*m - 7*m + 39. Let q = b + -6. Suppose -10 = -3*w + q*r, 7*w - 34 = 4*w - 4*r. What are the prime factors of w?
2, 3
Let c(w) = -7*w + 37. What are the prime factors of c(-7)?
2, 43
Suppose 4*p + t + 10 = -49, 2*t + 54 = -4*p. Let m = -8 + p. What are the prime factors of 5*(m/(-10) - 2)?
2
Let q(d) = d**3 - 2*d**2 - 2*d**2 - 2*d + 5*d**2 + 3. Let a be q(2). Let j = a + -7. List the prime factors of j.
2
Suppose 7*u = 3*u + 16. Let c be 301/35 - 4/(-10). Sup